52. What are the prime factors of l(-10)?
2, 7, 19, 257
Suppose 5*v - 3*h = 10, 6 = 5*v + 2*h - 4. Let z(t) = -34*t**2 + 6*t**2 + 124*t**v + t + 113*t**2. What are the prime factors of z(1)?
2, 3, 5, 7
Let c = 30857 - 16706. List the prime factors of c.
3, 53, 89
Let g(f) = 34 - 3*f + f**3 + 11*f**2 - 14 - 22. What are the prime factors of g(-8)?
2, 107
Let y(q) = q**3 + 25*q**2 + 21*q + 50. Let f(b) = 4*b**3 + 77*b**2 + 62*b + 150. Let u(j) = -2*f(j) + 7*y(j). What are the prime factors of u(21)?
13, 41
Let c(i) = -6*i**3 - 18*i**2 + 4*i - 8. What are the prime factors of c(-14)?
2, 1609
Let t(u) = -4*u**3 - u**2 + 5*u - 14. Let r = -129 - -124. What are the prime factors of t(r)?
2, 109
Suppose -5*p - 6*z = -4*z - 11963, 4*p + 4*z - 9580 = 0. What are the prime factors of p?
3, 797
Let x = -4050 + 30729. What are the prime factors of x?
3, 8893
Let q(l) = 11*l**3 + 22*l**2 - 122*l + 60. List the prime factors of q(6).
2, 3, 13
Let k(g) = 1612*g**2 + 7*g + 8. Let u be k(-1). Let a = u + -456. List the prime factors of a.
13, 89
Suppose -2*b - 6*k + 8 = -2*k, 0 = 5*b + 3*k - 27. Suppose 564 = b*c - 1980. List the prime factors of c.
2, 53
Suppose -129*u - 8*u + 1263224 = -941791. What are the prime factors of u?
3, 5, 29, 37
Suppose 11*x + 150 = 17*x. Suppose 0 = x*b - 34*b + 2529. List the prime factors of b.
281
Suppose -65*l + 54*l + 110 = 0. Suppose -4*g + l*g = 60. List the prime factors of g.
2, 5
What are the prime factors of (22030 - -290) + (6 - -1)?
83, 269
Let s(u) be the third derivative of u**6/30 + u**5/15 - u**4/2 - 13*u**3/3 - 18*u**2 - 2*u. List the prime factors of s(6).
2, 5, 7, 13
Let g = 107 + -92. Suppose -4*c - 8 = -5*w, -c = 4*c - g. Suppose -n = -5*d + 383, w*d = -n - 2*n + 295. List the prime factors of d.
2, 19
Let y(a) be the second derivative of a**5/20 + 3*a**4/4 - 2*a**3 - 10*a**2 - 42*a. Let s be y(-10). Suppose s*p - 72 = -2*p. What are the prime factors of p?
2, 3
Let l(h) = 7*h - 4. Let w be l(-1). Let f = 10 + w. List the prime factors of (6/(-3) - -3)*(-19)/f.
19
Suppose -86*o + 1042543 = -13*o + 54*o. What are the prime factors of o?
8209
List the prime factors of ((-7)/((-140)/(-2008)))/((-14)/665).
19, 251
Let v = -263 - -418. Let g be 5/(25/(-445)) - 3. Let x = v + g. List the prime factors of x.
3, 7
What are the prime factors of ((-40)/40)/(2 + (-52)/25)*6652?
2, 5, 1663
Let l = 19 + -9. Let y = l - 6. Suppose -98 = y*u - 270. List the prime factors of u.
43
Suppose 104328 = -4327*c + 4333*c. List the prime factors of c.
2, 3, 7, 23
Let f(b) = -5*b**3 - 8*b**2 - 2*b**3 - 4*b**3 + 52 + 13*b**3 + 0*b**2. What are the prime factors of f(8)?
2, 3, 47
Let s = 1753 - 851. Suppose 11*y = 3630 + s. List the prime factors of y.
2, 103
Let l(k) = -3*k**3 + 156*k**2 - 44*k - 226. What are the prime factors of l(43)?
3, 5, 3187
Suppose -10*d + 552886 + 552458 = 14*d. List the prime factors of d.
2, 3, 19, 101
Let f = -13 - -17. Let g be 129/(2/f*-2). List the prime factors of g/(-7 + (-16)/(-4)).
43
Suppose -8*b = -18*b + 124630. Suppose 0 = 12*d - b + 3031. What are the prime factors of d?
2, 3, 131
Suppose 12*i = 99*i - 544098. What are the prime factors of i?
2, 53, 59
Suppose -3*z = 28 - 34. Suppose z*l + 52 = -n, -n + 2*l + 3*l = 59. Let q = 13 - n. List the prime factors of q.
67
Let z(g) = 7*g**3 - 12*g**2 + 14*g - 21. Let a(d) = -3*d**3 + 6*d**2 - 7*d + 11. Let m(c) = -9*a(c) - 4*z(c). What are the prime factors of m(-10)?
3, 5, 7
Let r be -1 + (-27)/(-21) - (-440)/77. Suppose -5*z + 5*t + 575 = 0, 3*z - 5*t = -r*t + 337. List the prime factors of z.
113
Let b = -83 - 177. Let z = -73 - b. List the prime factors of z.
11, 17
Let g = 26 - 18. Suppose -g = -w - w. Suppose -3*p - 5*k + 9*k + 412 = 0, 5*k = w*p - 550. List the prime factors of p.
2, 5, 7
Let k = -12 - -12. Let l(n) = 2*n**2 + 9*n - 195. Let g(p) = -p**2 - 4*p + 97. Let d(m) = 5*g(m) + 2*l(m). List the prime factors of d(k).
5, 19
Let m = 70 - 133. Let d be 3/(-7) - 783/m. List the prime factors of (54/12)/(2/d).
3
Let z(t) = 4*t**2 + 10*t - 187. List the prime factors of z(36).
11, 487
Let x(a) = -7*a**2 + 13*a + 6. Let t(i) = -8*i**2 + 12*i + 7. Let m(o) = -6*t(o) + 5*x(o). Let r be m(-4). Suppose -6*l + r = -2*l. List the prime factors of l.
2, 7
Let q(b) = b**3 - b**2 - 3*b - 7. Let v be q(3). Suppose -v*o + 2*t = -1656, -12*o - 1655 = -14*o + 3*t. List the prime factors of o.
829
What are the prime factors of 216/162 + 54593/3?
18199
Suppose -4*r + 10 = -4*u + 3*u, 2*r - 2*u - 8 = 0. Suppose -2*n - 2*t = -928, 2336 = 5*n - r*t - t. List the prime factors of n.
2, 233
Let j = -1408 - -839. Let d = 1051 + j. List the prime factors of d.
2, 241
Suppose -5*k = -5*c - 35, 5 + 0 = -5*k - 3*c. Suppose 3*n = z - 65 + 333, n = -5*z + 84. List the prime factors of 9 + -9 + (n - k).
3, 29
Suppose -4*k + 4*r = 5*r + 4033, -3*r + 5037 = -5*k. Let x = -629 - k. What are the prime factors of x?
379
Suppose -38 = 5*x + 42. Let h = -12 - x. Let j(o) = o**2 + 10*o - 10. List the prime factors of j(h).
2, 23
Let n = 101 + -99. Suppose 15 = 3*t, -4*t = -n*y - 7*t + 169. List the prime factors of y.
7, 11
What are the prime factors of (19/10 - 24/60) + (-13771)/(-2)?
71, 97
Suppose 28*y - y = 189. Let a(c) = 47*c - 28. List the prime factors of a(y).
7, 43
Let f(t) = 7*t**2 + 8*t + 3. Let i = 145 + -123. Suppose -5*j = i + 3. List the prime factors of f(j).
2, 3, 23
Let t = 16 + 241. Suppose y + t = f + 4, y + 509 = 2*f. Let h = -101 + f. What are the prime factors of h?
5, 31
List the prime factors of 247957216/9119 - (-8)/11.
2, 3, 11, 103
Let q(k) = -4*k**3 - 274*k**2 - 115*k + 266. List the prime factors of q(-69).
37, 479
Suppose 0 = 19*n - 43*n + 1200. Suppose -n*w + 639 = -49*w. List the prime factors of w.
3, 71
Let d(t) = -t**3 + 18*t**2 + 17*t + 11. Let z be d(19). Let b be -2 - (z - (-1 - -3))*2. What are the prime factors of ((-8)/14)/(-2*4/b)?
2
Let i(t) = -16*t**3 + 12*t**2 + 121*t + 16. What are the prime factors of i(-8)?
2, 7, 11, 13
Let m(x) = 4*x**2 + 5*x - 1. Let u be m(5). Suppose -4*j - 66 = n - 0*n, -2*n - u = 4*j. Let t = n + 111. List the prime factors of t.
53
Let s(u) = -2*u - 10. Let m be s(-10). Suppose -3*d = -2*d + m. Let w = d - -22. List the prime factors of w.
2, 3
Let g = -673 - -1002. List the prime factors of (0 - (-1 - -3))/((-1)/g).
2, 7, 47
Let o(q) = -2*q**3 + 4*q**2 - 16*q + 3. Let t be o(-5). Let p = t - -179. List the prime factors of p.
2, 3, 17
Suppose 33568 = -33*v - 21047. Let i = v + 2416. List the prime factors of i.
761
Suppose -4188*v = -4183*v - 234405. What are the prime factors of v?
3, 5209
Suppose d - 2*k - 12770 = 0, d = k + 1392 + 11382. List the prime factors of d.
2, 6389
Suppose l - 10939 = -2*a, -2*a + 154*l + 10941 = 153*l. List the prime factors of a.
2, 5, 547
Suppose 24617 = 12*t - 17335. What are the prime factors of t?
2, 19, 23
Let f be 2094 + 2 + -1 + (-4)/2. Suppose -v - 2*u + 1054 = v, 4*v + u = f. What are the prime factors of v?
2, 3, 29
Let k(p) = -6 + 2*p**2 + 2*p**2 + 64*p - 2*p**2 - 57*p. Let g be k(-3). Let z(n) = n**2 - 5*n - 20. List the prime factors of z(g).
2, 53
Let z = 516 - 341. Suppose -6*u + 209 = -z. Suppose -89 = -3*q + u. List the prime factors of q.
3, 17
List the prime factors of 9 + -16 + 2222 + -1.
2, 3, 41
Let h(c) = c**3 - c**2 - 2*c + 94. Let i be h(0). Suppose -v + 4*y = 9*y - i, 2*v = 2*y + 200. List the prime factors of v.
3, 11
Let a(s) = -s**2 + 8*s - 13. Let d = -75 - -80. Let v be a(d). List the prime factors of 4392/44 + -3 + v/11.
97
Suppose 0*y = 4*l - 2*y - 31782, 4*y - 15936 = -2*l. What are the prime factors of l?
2, 3, 5, 53
Suppose -5*u + 4*x = -6395, 4*u + 4*x = 2*x + 5090. Suppose 4*j + j - u = 0. List the prime factors of j.
3, 5, 17
Suppose -6*x + 25 = -17. Let o be (-30)/105 + 30/x. Suppose c + n - 59 = 0, -o*c + 5*n + 234 = 10*n. List the prime factors of c.
61
Let k = 75 - 71. Suppose -85 - 155 = -k*j + 2*g, -g + 170 = 3*j. Suppose -241 = j*f - 59*f. List the prime factors of f.
241
Let b(w) be the third derivative of -w**4/12 + 11*w**3/3 - 3*w**2. Let z be b(9). Suppose z*u + 3*u = 1253. What are the prime factors of u?
179
Let w(c) = -114*c + 4991. What are the prime factors of w(-133)?
7, 2879
Let k(p) = 22*p + 344. Let f be 8/(-28